{"id":1805,"date":"2025-11-17T19:51:36","date_gmt":"2025-11-17T18:51:36","guid":{"rendered":"https:\/\/gkmtb-touren.at\/?post_type=helpie_faq&#038;p=1805"},"modified":"2025-11-18T16:29:21","modified_gmt":"2025-11-18T15:29:21","slug":"kann-ich-die-tour-auch-privat-oder-individuell-buchen","status":"publish","type":"helpie_faq","link":"https:\/\/gkmtb-touren.at\/en\/helpie_faq\/kann-ich-die-tour-auch-privat-oder-individuell-buchen\/","title":{"rendered":"Kann ich die Tour auch privat oder individuell buchen?"},"content":{"rendered":"<p>Ja, nat\u00fcrlich! Die meisten unserer Touren sind Privat-Touren. Sobald eine Tour gebucht ist, blockieren wir den Termin f\u00fcr weitere Anfragen. Einzige Ausnahme sind die vorgeplanten Touren, die \u00fcber GetYourGuide oder Airbnb Experiences gebucht werden k\u00f6nnen. <\/p>","protected":false},"excerpt":{"rendered":"<p>Ja, nat\u00fcrlich! Die meisten unserer Touren sind Privat-Touren. Sobald eine Tour gebucht ist, blockieren wir den Termin f\u00fcr weitere Anfragen. [&hellip;]<\/p>\n","protected":false},"author":1,"featured_media":0,"menu_order":5,"comment_status":"closed","ping_status":"closed","template":"","format":"standard","meta":{"_uag_custom_page_level_css":"","site-sidebar-layout":"default","site-content-layout":"","ast-site-content-layout":"default","site-content-style":"default","site-sidebar-style":"default","ast-global-header-display":"","ast-banner-title-visibility":"","ast-main-header-display":"","ast-hfb-above-header-display":"","ast-hfb-below-header-display":"","ast-hfb-mobile-header-display":"","site-post-title":"","ast-breadcrumbs-content":"","ast-featured-img":"","footer-sml-layout":"","ast-disable-related-posts":"","theme-transparent-header-meta":"","adv-header-id-meta":"","stick-header-meta":"","header-above-stick-meta":"","header-main-stick-meta":"","header-below-stick-meta":"","astra-migrate-meta-layouts":"default","ast-page-background-enabled":"default","ast-page-background-meta":{"desktop":{"background-color":"var(--ast-global-color-5)","background-image":"","background-repeat":"repeat","background-position":"center center","background-size":"auto","background-attachment":"scroll","background-type":"","background-media":"","overlay-type":"","overlay-color":"","overlay-opacity":"","overlay-gradient":""},"tablet":{"background-color":"","background-image":"","background-repeat":"repeat","background-position":"center center","background-size":"auto","background-attachment":"scroll","background-type":"","background-media":"","overlay-type":"","overlay-color":"","overlay-opacity":"","overlay-gradient":""},"mobile":{"background-color":"","background-image":"","background-repeat":"repeat","background-position":"center center","background-size":"auto","background-attachment":"scroll","background-type":"","background-media":"","overlay-type":"","overlay-color":"","overlay-opacity":"","overlay-gradient":""}},"ast-content-background-meta":{"desktop":{"background-color":"var(--ast-global-color-4)","background-image":"","background-repeat":"repeat","background-position":"center center","background-size":"auto","background-attachment":"scroll","background-type":"","background-media":"","overlay-type":"","overlay-color":"","overlay-opacity":"","overlay-gradient":""},"tablet":{"background-color":"var(--ast-global-color-4)","background-image":"","background-repeat":"repeat","background-position":"center center","background-size":"auto","background-attachment":"scroll","background-type":"","background-media":"","overlay-type":"","overlay-color":"","overlay-opacity":"","overlay-gradient":""},"mobile":{"background-color":"var(--ast-global-color-4)","background-image":"","background-repeat":"repeat","background-position":"center center","background-size":"auto","background-attachment":"scroll","background-type":"","background-media":"","overlay-type":"","overlay-color":"","overlay-opacity":"","overlay-gradient":""}},"footnotes":""},"helpie_faq_category":[15],"helpie_faq_group":[17],"class_list":["post-1805","helpie_faq","type-helpie_faq","status-publish","format-standard","hentry","helpie_faq_category-touren","helpie_faq_group-touren"],"yoast_head":"<!-- This site is optimized with the Yoast SEO plugin v27.5 - https:\/\/yoast.com\/product\/yoast-seo-wordpress\/ -->\n<title>Kann ich die Tour auch privat oder individuell buchen? - GKMTB<\/title>\n<meta name=\"robots\" content=\"index, follow, max-snippet:-1, max-image-preview:large, max-video-preview:-1\" \/>\n<link rel=\"canonical\" href=\"https:\/\/gkmtb-touren.at\/en\/helpie_faq\/kann-ich-die-tour-auch-privat-oder-individuell-buchen\/\" \/>\n<meta property=\"og:locale\" content=\"en_US\" \/>\n<meta property=\"og:type\" content=\"article\" \/>\n<meta property=\"og:title\" content=\"Kann ich die Tour auch privat oder individuell buchen? - GKMTB\" \/>\n<meta property=\"og:description\" content=\"Ja, nat\u00fcrlich! Die meisten unserer Touren sind Privat-Touren. Sobald eine Tour gebucht ist, blockieren wir den Termin f\u00fcr weitere Anfragen. [&hellip;]\" \/>\n<meta property=\"og:url\" content=\"https:\/\/gkmtb-touren.at\/en\/helpie_faq\/kann-ich-die-tour-auch-privat-oder-individuell-buchen\/\" \/>\n<meta property=\"og:site_name\" content=\"GKMTB\" \/>\n<meta property=\"article:modified_time\" content=\"2025-11-18T15:29:21+00:00\" \/>\n<meta name=\"twitter:card\" content=\"summary_large_image\" \/>\n<meta name=\"twitter:label1\" content=\"Est. reading time\" \/>\n\t<meta name=\"twitter:data1\" content=\"1 minute\" \/>\n<script type=\"application\/ld+json\" class=\"yoast-schema-graph\">{\"@context\":\"https:\\\/\\\/schema.org\",\"@graph\":[{\"@type\":\"WebPage\",\"@id\":\"https:\\\/\\\/gkmtb-touren.at\\\/de_at\\\/helpie_faq\\\/kann-ich-die-tour-auch-privat-oder-individuell-buchen\\\/\",\"url\":\"https:\\\/\\\/gkmtb-touren.at\\\/de_at\\\/helpie_faq\\\/kann-ich-die-tour-auch-privat-oder-individuell-buchen\\\/\",\"name\":\"Kann ich die Tour auch privat oder individuell buchen? - GKMTB\",\"isPartOf\":{\"@id\":\"https:\\\/\\\/gkmtb-touren.at\\\/de_at\\\/#website\"},\"datePublished\":\"2025-11-17T18:51:36+00:00\",\"dateModified\":\"2025-11-18T15:29:21+00:00\",\"breadcrumb\":{\"@id\":\"https:\\\/\\\/gkmtb-touren.at\\\/de_at\\\/helpie_faq\\\/kann-ich-die-tour-auch-privat-oder-individuell-buchen\\\/#breadcrumb\"},\"inLanguage\":\"en-US\",\"potentialAction\":[{\"@type\":\"ReadAction\",\"target\":[\"https:\\\/\\\/gkmtb-touren.at\\\/de_at\\\/helpie_faq\\\/kann-ich-die-tour-auch-privat-oder-individuell-buchen\\\/\"]}]},{\"@type\":\"BreadcrumbList\",\"@id\":\"https:\\\/\\\/gkmtb-touren.at\\\/de_at\\\/helpie_faq\\\/kann-ich-die-tour-auch-privat-oder-individuell-buchen\\\/#breadcrumb\",\"itemListElement\":[{\"@type\":\"ListItem\",\"position\":1,\"name\":\"Startseite\",\"item\":\"https:\\\/\\\/gkmtb-touren.at\\\/\"},{\"@type\":\"ListItem\",\"position\":2,\"name\":\"FAQs\",\"item\":\"https:\\\/\\\/gkmtb-touren.at\\\/de_at\\\/helpie_faq\\\/\"},{\"@type\":\"ListItem\",\"position\":3,\"name\":\"Kann ich die Tour auch privat oder individuell buchen?\"}]},{\"@type\":\"WebSite\",\"@id\":\"https:\\\/\\\/gkmtb-touren.at\\\/de_at\\\/#website\",\"url\":\"https:\\\/\\\/gkmtb-touren.at\\\/de_at\\\/\",\"name\":\"GKMTB Touren\",\"description\":\"Mountainbike Touren Wienerwald\",\"publisher\":{\"@id\":\"https:\\\/\\\/gkmtb-touren.at\\\/de_at\\\/#organization\"},\"potentialAction\":[{\"@type\":\"SearchAction\",\"target\":{\"@type\":\"EntryPoint\",\"urlTemplate\":\"https:\\\/\\\/gkmtb-touren.at\\\/de_at\\\/?s={search_term_string}\"},\"query-input\":{\"@type\":\"PropertyValueSpecification\",\"valueRequired\":true,\"valueName\":\"search_term_string\"}}],\"inLanguage\":\"en-US\"},{\"@type\":\"Organization\",\"@id\":\"https:\\\/\\\/gkmtb-touren.at\\\/de_at\\\/#organization\",\"name\":\"GKMTB Touren\",\"url\":\"https:\\\/\\\/gkmtb-touren.at\\\/de_at\\\/\",\"logo\":{\"@type\":\"ImageObject\",\"inLanguage\":\"en-US\",\"@id\":\"https:\\\/\\\/gkmtb-touren.at\\\/de_at\\\/#\\\/schema\\\/logo\\\/image\\\/\",\"url\":\"https:\\\/\\\/gkmtb-touren.at\\\/wp-content\\\/uploads\\\/2025\\\/07\\\/cropped-RADLOGO1.png\",\"contentUrl\":\"https:\\\/\\\/gkmtb-touren.at\\\/wp-content\\\/uploads\\\/2025\\\/07\\\/cropped-RADLOGO1.png\",\"width\":874,\"height\":547,\"caption\":\"GKMTB Touren\"},\"image\":{\"@id\":\"https:\\\/\\\/gkmtb-touren.at\\\/de_at\\\/#\\\/schema\\\/logo\\\/image\\\/\"}}]}<\/script>\n<!-- \/ Yoast SEO plugin. -->","yoast_head_json":{"title":"Kann ich die Tour auch privat oder individuell buchen? - GKMTB","robots":{"index":"index","follow":"follow","max-snippet":"max-snippet:-1","max-image-preview":"max-image-preview:large","max-video-preview":"max-video-preview:-1"},"canonical":"https:\/\/gkmtb-touren.at\/en\/helpie_faq\/kann-ich-die-tour-auch-privat-oder-individuell-buchen\/","og_locale":"en_US","og_type":"article","og_title":"Kann ich die Tour auch privat oder individuell buchen? - GKMTB","og_description":"Ja, nat\u00fcrlich! Die meisten unserer Touren sind Privat-Touren. Sobald eine Tour gebucht ist, blockieren wir den Termin f\u00fcr weitere Anfragen. [&hellip;]","og_url":"https:\/\/gkmtb-touren.at\/en\/helpie_faq\/kann-ich-die-tour-auch-privat-oder-individuell-buchen\/","og_site_name":"GKMTB","article_modified_time":"2025-11-18T15:29:21+00:00","twitter_card":"summary_large_image","twitter_misc":{"Est. reading time":"1 minute"},"schema":{"@context":"https:\/\/schema.org","@graph":[{"@type":"WebPage","@id":"https:\/\/gkmtb-touren.at\/de_at\/helpie_faq\/kann-ich-die-tour-auch-privat-oder-individuell-buchen\/","url":"https:\/\/gkmtb-touren.at\/de_at\/helpie_faq\/kann-ich-die-tour-auch-privat-oder-individuell-buchen\/","name":"Kann ich die Tour auch privat oder individuell buchen? - GKMTB","isPartOf":{"@id":"https:\/\/gkmtb-touren.at\/de_at\/#website"},"datePublished":"2025-11-17T18:51:36+00:00","dateModified":"2025-11-18T15:29:21+00:00","breadcrumb":{"@id":"https:\/\/gkmtb-touren.at\/de_at\/helpie_faq\/kann-ich-die-tour-auch-privat-oder-individuell-buchen\/#breadcrumb"},"inLanguage":"en-US","potentialAction":[{"@type":"ReadAction","target":["https:\/\/gkmtb-touren.at\/de_at\/helpie_faq\/kann-ich-die-tour-auch-privat-oder-individuell-buchen\/"]}]},{"@type":"BreadcrumbList","@id":"https:\/\/gkmtb-touren.at\/de_at\/helpie_faq\/kann-ich-die-tour-auch-privat-oder-individuell-buchen\/#breadcrumb","itemListElement":[{"@type":"ListItem","position":1,"name":"Startseite","item":"https:\/\/gkmtb-touren.at\/"},{"@type":"ListItem","position":2,"name":"FAQs","item":"https:\/\/gkmtb-touren.at\/de_at\/helpie_faq\/"},{"@type":"ListItem","position":3,"name":"Kann ich die Tour auch privat oder individuell buchen?"}]},{"@type":"WebSite","@id":"https:\/\/gkmtb-touren.at\/de_at\/#website","url":"https:\/\/gkmtb-touren.at\/de_at\/","name":"GKMTB Touren","description":"Mountainbike Touren Wienerwald","publisher":{"@id":"https:\/\/gkmtb-touren.at\/de_at\/#organization"},"potentialAction":[{"@type":"SearchAction","target":{"@type":"EntryPoint","urlTemplate":"https:\/\/gkmtb-touren.at\/de_at\/?s={search_term_string}"},"query-input":{"@type":"PropertyValueSpecification","valueRequired":true,"valueName":"search_term_string"}}],"inLanguage":"en-US"},{"@type":"Organization","@id":"https:\/\/gkmtb-touren.at\/de_at\/#organization","name":"GKMTB Touren","url":"https:\/\/gkmtb-touren.at\/de_at\/","logo":{"@type":"ImageObject","inLanguage":"en-US","@id":"https:\/\/gkmtb-touren.at\/de_at\/#\/schema\/logo\/image\/","url":"https:\/\/gkmtb-touren.at\/wp-content\/uploads\/2025\/07\/cropped-RADLOGO1.png","contentUrl":"https:\/\/gkmtb-touren.at\/wp-content\/uploads\/2025\/07\/cropped-RADLOGO1.png","width":874,"height":547,"caption":"GKMTB Touren"},"image":{"@id":"https:\/\/gkmtb-touren.at\/de_at\/#\/schema\/logo\/image\/"}}]}},"uagb_featured_image_src":{"full":false,"thumbnail":false,"medium":false,"medium_large":false,"large":false,"1536x1536":false,"2048x2048":false,"trp-custom-language-flag":false},"uagb_author_info":{"display_name":"Gerald","author_link":"https:\/\/gkmtb-touren.at\/en\/author\/geraldkwp\/"},"uagb_comment_info":0,"uagb_excerpt":"Ja, nat\u00fcrlich! Die meisten unserer Touren sind Privat-Touren. Sobald eine Tour gebucht ist, blockieren wir den Termin f\u00fcr weitere Anfragen. [&hellip;]","_links":{"self":[{"href":"https:\/\/gkmtb-touren.at\/en\/wp-json\/wp\/v2\/helpie_faq\/1805","targetHints":{"allow":["GET"]}}],"collection":[{"href":"https:\/\/gkmtb-touren.at\/en\/wp-json\/wp\/v2\/helpie_faq"}],"about":[{"href":"https:\/\/gkmtb-touren.at\/en\/wp-json\/wp\/v2\/types\/helpie_faq"}],"author":[{"embeddable":true,"href":"https:\/\/gkmtb-touren.at\/en\/wp-json\/wp\/v2\/users\/1"}],"replies":[{"embeddable":true,"href":"https:\/\/gkmtb-touren.at\/en\/wp-json\/wp\/v2\/comments?post=1805"}],"version-history":[{"count":1,"href":"https:\/\/gkmtb-touren.at\/en\/wp-json\/wp\/v2\/helpie_faq\/1805\/revisions"}],"predecessor-version":[{"id":1806,"href":"https:\/\/gkmtb-touren.at\/en\/wp-json\/wp\/v2\/helpie_faq\/1805\/revisions\/1806"}],"wp:attachment":[{"href":"https:\/\/gkmtb-touren.at\/en\/wp-json\/wp\/v2\/media?parent=1805"}],"wp:term":[{"taxonomy":"helpie_faq_category","embeddable":true,"href":"https:\/\/gkmtb-touren.at\/en\/wp-json\/wp\/v2\/helpie_faq_category?post=1805"},{"taxonomy":"helpie_faq_group","embeddable":true,"href":"https:\/\/gkmtb-touren.at\/en\/wp-json\/wp\/v2\/helpie_faq_group?post=1805"}],"curies":[{"name":"wp","href":"https:\/\/api.w.org\/{rel}","templated":true}]}}

<p>Ja, natürlich! Die meisten unserer Touren sind Privat-Touren. Sobald eine Tour gebucht ist, blockieren wir den Termin für weitere Anfragen. Einzige Ausnahme sind die vorgeplanten Touren, die über GetYourGuide oder Airbnb Experiences gebucht werden können. </p>

<p>Ja, natürlich! Die meisten unserer Touren sind Privat-Touren. Sobald eine Tour gebucht ist, blockieren wir den Termin für weitere Anfragen. [&hellip;]</p>

<!-- This site is optimized with the Yoast SEO plugin v27.5 - https://yoast.com/product/yoast-seo-wordpress/ -->
<title>Kann ich die Tour auch privat oder individuell buchen? - GKMTB</title>
<meta name="robots" content="index, follow, max-snippet:-1, max-image-preview:large, max-video-preview:-1" />
<link rel="canonical" href="https://gkmtb-touren.at/en/helpie_faq/kann-ich-die-tour-auch-privat-oder-individuell-buchen/" />
<meta property="og:locale" content="en_US" />
<meta property="og:type" content="article" />
<meta property="og:title" content="Kann ich die Tour auch privat oder individuell buchen? - GKMTB" />
<meta property="og:description" content="Ja, natürlich! Die meisten unserer Touren sind Privat-Touren. Sobald eine Tour gebucht ist, blockieren wir den Termin für weitere Anfragen. [&hellip;]" />
<meta property="og:url" content="https://gkmtb-touren.at/en/helpie_faq/kann-ich-die-tour-auch-privat-oder-individuell-buchen/" />
<meta property="og:site_name" content="GKMTB" />
<meta property="article:modified_time" content="2025-11-18T15:29:21+00:00" />
<meta name="twitter:card" content="summary_large_image" />
<meta name="twitter:label1" content="Est. reading time" />
	<meta name="twitter:data1" content="1 minute" />
<script type="application/ld+json" class="yoast-schema-graph">{"@context":"https:\/\/schema.org","@graph":[{"@type":"WebPage","@id":"https:\/\/gkmtb-touren.at\/de_at\/helpie_faq\/kann-ich-die-tour-auch-privat-oder-individuell-buchen\/","url":"https:\/\/gkmtb-touren.at\/de_at\/helpie_faq\/kann-ich-die-tour-auch-privat-oder-individuell-buchen\/","name":"Kann ich die Tour auch privat oder individuell buchen? - GKMTB","isPartOf":{"@id":"https:\/\/gkmtb-touren.at\/de_at\/#website"},"datePublished":"2025-11-17T18:51:36+00:00","dateModified":"2025-11-18T15:29:21+00:00","breadcrumb":{"@id":"https:\/\/gkmtb-touren.at\/de_at\/helpie_faq\/kann-ich-die-tour-auch-privat-oder-individuell-buchen\/#breadcrumb"},"inLanguage":"en-US","potentialAction":[{"@type":"ReadAction","target":["https:\/\/gkmtb-touren.at\/de_at\/helpie_faq\/kann-ich-die-tour-auch-privat-oder-individuell-buchen\/"]}]},{"@type":"BreadcrumbList","@id":"https:\/\/gkmtb-touren.at\/de_at\/helpie_faq\/kann-ich-die-tour-auch-privat-oder-individuell-buchen\/#breadcrumb","itemListElement":[{"@type":"ListItem","position":1,"name":"Startseite","item":"https:\/\/gkmtb-touren.at\/"},{"@type":"ListItem","position":2,"name":"FAQs","item":"https:\/\/gkmtb-touren.at\/de_at\/helpie_faq\/"},{"@type":"ListItem","position":3,"name":"Kann ich die Tour auch privat oder individuell buchen?"}]},{"@type":"WebSite","@id":"https:\/\/gkmtb-touren.at\/de_at\/#website","url":"https:\/\/gkmtb-touren.at\/de_at\/","name":"GKMTB Touren","description":"Mountainbike Touren Wienerwald","publisher":{"@id":"https:\/\/gkmtb-touren.at\/de_at\/#organization"},"potentialAction":[{"@type":"SearchAction","target":{"@type":"EntryPoint","urlTemplate":"https:\/\/gkmtb-touren.at\/de_at\/?s={search_term_string}"},"query-input":{"@type":"PropertyValueSpecification","valueRequired":true,"valueName":"search_term_string"}}],"inLanguage":"en-US"},{"@type":"Organization","@id":"https:\/\/gkmtb-touren.at\/de_at\/#organization","name":"GKMTB Touren","url":"https:\/\/gkmtb-touren.at\/de_at\/","logo":{"@type":"ImageObject","inLanguage":"en-US","@id":"https:\/\/gkmtb-touren.at\/de_at\/#\/schema\/logo\/image\/","url":"https:\/\/gkmtb-touren.at\/wp-content\/uploads\/2025\/07\/cropped-RADLOGO1.png","contentUrl":"https:\/\/gkmtb-touren.at\/wp-content\/uploads\/2025\/07\/cropped-RADLOGO1.png","width":874,"height":547,"caption":"GKMTB Touren"},"image":{"@id":"https:\/\/gkmtb-touren.at\/de_at\/#\/schema\/logo\/image\/"}}]}</script>
<!-- / Yoast SEO plugin. -->

Ja, natürlich! Die meisten unserer Touren sind Privat-Touren. Sobald eine Tour gebucht ist, blockieren wir den Termin für weitere Anfragen. [&hellip;]
